*y = 3. Suppose 2*m - c = b*c - 6, 4*m = -2*c + 36. Is m a composite number?
False
Let j be (-3 - 10/(-4))*0. Suppose j = -t + 4*t - 1191. Is t a composite number?
False
Let c be -55*((2 - 3) + 2). Let d = c - -100. Suppose 7*z - d = 4*z. Is z composite?
True
Let k be -2 + 25 + (-1)/(-1). Suppose 2*g - 4*g = 4*l - k, 18 = -g + 4*l. Is (-3)/g + 69/2 a prime number?
False
Let h be (1/(-2))/(6/24). Let i(g) = -11*g + 2. Let m be i(h). Suppose -2*f - 2*f + m = 0. Is f prime?
False
Let x(o) = o**2 - 1. Let n be x(2). Suppose -5 = 5*m, n*p = 4*m - 0*m + 178. Let g = p - 33. Is g a composite number?
True
Suppose 16 = 2*u + 2*x, -5*u + x + 1 = -9. Let f(t) = -t**2 + 5*t - 3. Let g be f(u). Suppose -g*z = 2*s - 1019, -2*z - z + 991 = -5*s. Is z a prime number?
True
Let g = -843 - -1256. Is g a prime number?
False
Suppose -3*v + 7 = -17. Let m = -1 + v. Let n(w) = w**3 - 6*w**2 - 5*w - 1. Is n(m) composite?
False
Suppose a - 609 = -2*a. Suppose -25 = 2*m - a. Is m composite?
False
Let m(q) = -77*q + 5. Let o be m(-4). Let b(c) = 8*c**2 + 5*c - 1. Let d be b(5). Let r = o - d. Is r prime?
True
Let y(n) = 5*n**2 + 5*n**3 - n + n**3 - 4*n**2 + 1. Is y(1) composite?
False
Is (-30)/(-40) + (-16323)/(-12)*1 a composite number?
False
Suppose 2*l - v - 619 = -2*v, 10 = 2*v. Is l prime?
True
Suppose -2*s + 11 = -3*i, -s - 5*i - 14 = -0*s. Is 3/3*(s + 162) a composite number?
False
Suppose 4*r + 0*r = 16. Let f(z) = -z**3 + 6*z**2 - 2*z - 1. Is f(r) a composite number?
False
Let x(n) = -4*n**3 - 3*n**2 - 2*n + 4. Let h be x(-4). Let y = h - 52. Let r = -77 + y. Is r composite?
True
Let l(u) = -u + 11. Let i be l(5). Suppose 0 = -i*p + p - 2*t + 343, -4*t = -16. Is p a composite number?
False
Suppose -3*k + 1080 + 57 = 0. Is k a composite number?
False
Let w(k) be the second derivative of 17*k**5/10 + k**4/12 - 6*k. Is w(1) prime?
False
Let q = 145 + 35. Suppose -q = -g + 5*p, 3*p = 3*g - 456 - 36. Suppose 4*u - g - 108 = 0. Is u prime?
True
Let h(x) = -x**2 + 11*x. Suppose 0*s - 5*k = 5*s - 65, k = 2*s - 17. Is h(s) composite?
True
Let g be (-3)/5 - 13/(-5). Let r = -4 + g. Is 78 + (-1)/r*2 composite?
False
Let m = 2 - 7. Let i(g) = -2*g. Let y be i(-6). Let l = m + y. Is l composite?
False
Let q(s) = -s - 10. Let k be q(-14). Suppose -2*b + 377 = b + k*d, -2*d + 129 = b. Is b composite?
True
Is 22001/35 + 2/5 prime?
False
Let l(y) = 10*y + 19. Is l(9) prime?
True
Suppose 7*c = 724 + 165. Is c prime?
True
Is -1*(252/(-2) + -1) a composite number?
False
Suppose -1081 - 699 = -5*l. Suppose 5*k = 4*v - l, 2*v + 0*k - k - 178 = 0. Is v a composite number?
False
Let g be (0/(0 + -1))/1. Suppose g = -5*v + v. Suppose 0 = d - v*d - 157. Is d a composite number?
False
Is (-4)/14 + 6660/84 composite?
False
Suppose -1 = -4*o + 7. Suppose -o*b + 38 = -60. Is b composite?
True
Let r(j) = -2*j**3 + 4*j - 1. Let v be r(-4). Suppose -p = 2*p - v. Is p prime?
True
Let f(k) = -2*k**3 + k**2 - 3*k - 3. Is f(-2) a composite number?
False
Let y(r) = 4*r**2 - 3*r - 5. Let t be y(-5). Let x = t - -17. Is x composite?
False
Let i = -199 + 360. Is i a prime number?
False
Let s(f) be the third derivative of -13*f**4/12 + f**3 - 3*f**2. Let j be s(-5). Suppose -3*z - 36 = -2*k + 53, -5*z = -3*k + j. Is k a composite number?
False
Is 33/44 - 14545/(-4) prime?
True
Let b(x) = 2*x**2 - 3*x + 8. Is b(5) prime?
True
Suppose -r + 1127 = 2*m, -4*m = 2*r - m - 2249. Is r a composite number?
False
Suppose -12 + 2 = -5*d, 1642 = 4*x + d. Suppose -x - 66 = -2*r + 3*t, -4*t = r - 227. Is r prime?
False
Suppose -3*t = -2*t + 4*x + 2, 5*t = 5*x + 40. Suppose -t*s + 2*s = -76. Is s a prime number?
True
Suppose 5*c + n + 35 = 2*c, 2*n + 58 = -5*c. Let r be (-6)/36 + (-50)/c. Suppose -2*b - 504 = -r*a, -4*b = 4*a - 5*b - 506. Is a a prime number?
True
Suppose 2*o + 2*d = 8, -4*o - o + 4*d + 20 = 0. Suppose 3*i - 575 = -2*j, -3*j = 2*i + 3*i - 863. Suppose x - b = o*x - j, b = -5. Is x composite?
False
Suppose 5*f = -122 - 23. Suppose -d - 32 = 4*t, -d + 2*d - t = -47. Let s = f - d. Is s prime?
False
Suppose -5*j - 5 = 20. Let h = 5 + j. Suppose 14 = -h*z + 2*z. Is z a prime number?
True
Let h(q) = -q + 7. Let f be h(5). Is ((-1)/f)/((-2)/316) prime?
True
Is -443*(4 - 4 - 1) a prime number?
True
Let a be (-10)/(-4)*(-40)/(-25). Suppose a*s = -s + 165. Is s a composite number?
True
Let s(k) = k**2 - 3*k - 1. Is s(-6) composite?
False
Let v(o) = -o + 9. Let h be v(-9). Let z be (6/18)/(2/h). Suppose -2*s + 165 = z*s. Is s a prime number?
False
Suppose -3*u - 4 = -2*g - 0*u, 0 = -5*u + 10. Suppose 3*h - 205 = g*i, -h - 2*i + 61 = -0*h. Is h composite?
True
Suppose 0 = a + 3 - 7. Suppose -3*s + a*c = 4, 0*s + 5*c = -4*s + 5. Is 2/(6/99 + s) a composite number?
True
Let g = 113 - -120. Is g a composite number?
False
Let m(f) = -f**3 - 6*f**2 - 4*f + 7. Let r be m(-5). Suppose r*h = 4*h - 774. Suppose -2*x = 5*u - 4*x - h, 5*u + 5*x - 415 = 0. Is u a prime number?
True
Let u be (-6)/(6 - (-12)/(-3)). Is ((-2395)/10)/(u/6) prime?
True
Let r(b) = b**2 - 6*b + 7. Let a be r(5). Let q = a + -2. Suppose -n + 6*n - f = 41, q = 2*n - 4*f - 2. Is n a prime number?
False
Let q be (-168)/(-18) - (-4)/6. Suppose 3*b - 247 = -q. Is b a composite number?
False
Let l(f) = 78*f**2 + f. Let v be l(-1). Suppose 271 = 2*k + v. Is k composite?
False
Suppose -5*b = 5*i - 20, 2*b - 3*i = -4 + 17. Suppose -9*v + 140 = -b*v. Is v prime?
False
Suppose -5*y = 4*j - 44, 0 = 4*j - 0*j + 4*y - 40. Suppose z = j*z - 185. Is z prime?
True
Let j(s) be the second derivative of -s**5/20 + s**4/2 - s**3/2 - s**2/2 - s. Let k be j(5). Is 18 - (k/(-3) - -2) a prime number?
True
Suppose -2*f - 5*u = 7 - 56, 0 = -2*f - 4*u + 44. Suppose 3*o - 7 = 2*h - 1, 5*o - 4*h - f = 0. Is o - (-113 + 0 + 0) composite?
False
Suppose 2*v - 1495 = -5*n, -2*v = -3*n - 2*n + 1515. Suppose 2*d - 29 = 4*h + n, -2*h + 324 = 2*d. Is d prime?
True
Let b(k) = 10*k**2 + 11. Is b(-6) a composite number?
True
Suppose 5*s - 187 = -k - 3*k, 3*s - 3*k - 96 = 0. Let d = s - 1. Is d composite?
True
Let h = -13 - -14. Is 1 + 113 - (2 - h) a prime number?
True
Let s be ((-10)/3)/(10/(-15)). Let c = s - 5. Suppose c*f + 175 = 5*f. Is f a composite number?
True
Suppose 4*h - 11982 = -4*y + 1790, 3*h - y - 10325 = 0. Is h/18 + (-2)/9 composite?
False
Is (6/(-2) + 2)*-331 a composite number?
False
Suppose -2*q = 5*y - 14793 - 1348, 4*y + 5*q - 12906 = 0. Is y a composite number?
False
Let c(t) = t**2 - 5*t - 6. Let k be c(5). Let q = k + 8. Suppose 0 = -q*x + 3*j + 29 + 71, 61 = x + 4*j. Is x composite?
False
Let k be 62 + -2 + (-1 - -1). Let h = 94 - k. Is h composite?
True
Let w(b) = b + 1. Let n be w(4). Let r(a) = -9*a**3 + 8*a**2 + 5*a - 10. Let z(q) = -5*q**3 + 4*q**2 + 2*q - 5. Let h(s) = n*z(s) - 3*r(s). Is h(4) composite?
True
Suppose -4*i = i - 55. Let g = 79 + 53. Let s = g - i. Is s prime?
False
Suppose 0 = -15*j + 14*j + 706. Suppose -j = -7*q + 2*q + i, 3*q - 421 = -2*i. Is q prime?
False
Let g(q) = 2*q**2 + 6. Let r be g(-6). Let h = 11 + -6. Suppose h*b = r - 3. Is b a composite number?
True
Let c(d) = -1583*d + 2. Is c(-1) a composite number?
True
Suppose -3*s = -s + 3*u - 2425, -5*s + 2*u = -6015. Suppose 451 + s = 3*x - 5*p, -2*x + 1102 = -4*p. Is x composite?
False
Suppose 0 = -3*h - 5*m + 1008, 2*h + m - 679 = -0*m. Is h a composite number?
True
Suppose 40 = 2*h + 3*h. Suppose 0*c - 4*c = 2104. Is (c/(-8))/(h/32) a composite number?
False
Suppose -5*b - 111 = -1396. Is b composite?
False
Let o = -6 - -10. Is -1*26*o/(-8) prime?
True
Suppose -5*g + 127 = -88. Let q = g + -6. Suppose 2*x - x = q. Is x a composite number?
False
Suppose 0 = -5*v + 30 - 5. Suppose 0 = -v*t, -2*i + i - 4*t = -2. Suppose 192 = 3*u - 0*b - b, -i*u - 5*b = -145. Is u a composite number?
True
Is ((-112)/84)/((-2)/2463) composite?
True
Let d(c) = 15*c**2 - 5*c - 3. Is d(-4) prime?
True
Let t = 231 + 118. Let l = t + 546. Is l a composite number?
True
Let i(t) = 3*t**2 + 12*t + 7. Let u be i(-8). Suppose -y + 146 = -2*p - u, -p = 4*y - 1005. Is y a composite number?
False
Suppose 9*h = 4*h - 25. Let k be 2/(-6) + (-1040)/(-24). Let b = h + k. Is b a composite number?
True
Let i(k) = 11*k + 12. Is i(5) a composite number?
False
Let q = -245 + 658. Is q composite?
True
Let q(y) = 26*y + 27